s divided by 328.
326
What is the remainder when 43190 is divided by 216?
206
What is the remainder when 48782 is divided by 11?
8
What is the remainder when 641 is divided by 406?
235
Calculate the remainder when 137737 is divided by 544.
105
Calculate the remainder when 55270 is divided by 56.
54
Calculate the remainder when 1058 is divided by 340.
38
Calculate the remainder when 1197453 is divided by 39915.
3
What is the remainder when 210621 is divided by 625?
621
What is the remainder when 4735 is divided by 155?
85
Calculate the remainder when 5409 is divided by 2221.
967
Calculate the remainder when 1244 is divided by 202.
32
What is the remainder when 153773 is divided by 14?
11
Calculate the remainder when 36512 is divided by 794.
782
What is the remainder when 28166 is divided by 687?
686
What is the remainder when 63181 is divided by 1404?
1
What is the remainder when 3205649 is divided by 10?
9
Calculate the remainder when 3567 is divided by 8.
7
Calculate the remainder when 78195 is divided by 4886.
19
What is the remainder when 1696 is divided by 11?
2
Calculate the remainder when 1958 is divided by 191.
48
What is the remainder when 8585 is divided by 1463?
1270
Calculate the remainder when 5494 is divided by 191.
146
Calculate the remainder when 3828 is divided by 1269.
21
What is the remainder when 7491 is divided by 26?
3
What is the remainder when 216 is divided by 24?
0
What is the remainder when 935 is divided by 911?
24
What is the remainder when 3796 is divided by 30?
16
What is the remainder when 70260 is divided by 14?
8
What is the remainder when 9759 is divided by 22?
13
What is the remainder when 576440 is divided by 118?
10
Calculate the remainder when 33690 is divided by 416.
410
Calculate the remainder when 45816 is divided by 1148.
1044
Calculate the remainder when 3129108 is divided by 71.
67
Calculate the remainder when 310 is divided by 148.
14
Calculate the remainder when 71877 is divided by 29.
15
Calculate the remainder when 38502 is divided by 14.
2
What is the remainder when 781260 is divided by 193?
189
Calculate the remainder when 23561 is divided by 86.
83
Calculate the remainder when 5347 is divided by 1070.
1067
Calculate the remainder when 9174 is divided by 148.
146
Calculate the remainder when 571888 is divided by 38.
26
What is the remainder when 15404 is divided by 33?
26
Calculate the remainder when 5455 is divided by 132.
43
Calculate the remainder when 1062963 is divided by 28.
27
What is the remainder when 462366 is divided by 69?
66
What is the remainder when 5933 is divided by 1884?
281
Calculate the remainder when 4369898 is divided by 53.
48
What is the remainder when 338 is divided by 156?
26
Calculate the remainder when 4832 is divided by 2259.
314
Calculate the remainder when 8278 is divided by 90.
88
What is the remainder when 12965 is divided by 5787?
1391
What is the remainder when 16817391 is divided by 1744?
1743
What is the remainder when 6187 is divided by 72?
67
Calculate the remainder when 110719 is divided by 46.
43
Calculate the remainder when 36733 is divided by 56.
53
Calculate the remainder when 3536 is divided by 719.
660
Calculate the remainder when 11016 is divided by 105.
96
Calculate the remainder when 28189 is divided by 8.
5
What is the remainder when 27772 is divided by 540?
232
What is the remainder when 1011 is divided by 157?
69
Calculate the remainder when 35953 is divided by 467.
461
Calculate the remainder when 6884 is divided by 269.
159
Calculate the remainder when 646 is divided by 363.
283
What is the remainder when 5040 is divided by 1237?
92
Calculate the remainder when 15071 is divided by 1371.
1361
What is the remainder when 224536 is divided by 108?
4
Calculate the remainder when 14142 is divided by 53.
44
What is the remainder when 2039 is divided by 1629?
410
Calculate the remainder when 521 is divided by 440.
81
Calculate the remainder when 5684173 is divided by 525.
523
Calculate the remainder when 6497 is divided by 83.
23
What is the remainder when 43995 is divided by 125?
120
Calculate the remainder when 24654 is divided by 129.
15
Calculate the remainder when 2005995 is divided by 250.
245
Calculate the remainder when 2659 is divided by 562.
411
Calculate the remainder when 8836 is divided by 8.
4
What is the remainder when 3761 is divided by 912?
113
Calculate the remainder when 1937 is divided by 105.
47
What is the remainder when 530 is divided by 455?
75
Calculate the remainder when 23182 is divided by 184.
182
Calculate the remainder when 2945 is divided by 1463.
19
Calculate the remainder when 1556184 is divided by 155618.
4
Calculate the remainder when 364615 is divided by 9.
7
Calculate the remainder when 371323 is divided by 115.
103
What is the remainder when 4987 is divided by 204?
91
What is the remainder when 79808 is divided by 37?
36
What is the remainder when 3675 is divided by 23?
18
Calculate the remainder when 53627 is divided by 65.
2
What is the remainder when 16930 is divided by 16926?
4
Calculate the remainder when 8856 is divided by 466.
2
What is the remainder when 30641 is divided by 30561?
80
Calculate the remainder when 4627 is divided by 165.
7
Calculate the remainder when 117048 is divided by 52.
48
Calculate the remainder when 313520 is divided by 62.
48
Calculate the remainder when 63905 is divided by 581.
576
What is the remainder when 59755 is divided by 240?
235
Calculate the remainder when 646 is divided by 327.
319
Calculate the remainder when 468083 is divided by 630.
623
What is the remainder when 1178543 is divided by 589268?
7
Calculate the remainder when 27170 is divided by 13580.
10
Calculate the remainder when 8357 is divided by 88.
85
What is the remainder when 3023 is divided by 1167?
689
Calculate the remainder when 167969 is divided by 196.
193
Calculate the remainder when 34259 is divided by 142.
37
What is the remainder when 70490 is divided by 31?
27
What is the remainder when 23485 is divided by 144?
13
What is the remainder when 150996 is divided by 604?
600
What is the remainder when 855 is divided by 66?
63
Calculate the remainder when 5209 is divided by 1730.
19
Calculate the remainder when 16216 is divided by 31.
3
Calculate the remainder when 285422 is divided by 892.
874
What is the remainder when 1411786 is divided by 42?
40
What is the remainder when 4260 is divided by 147?
144
What is the remainder when 27603 is divided by 600?
3
What is the remainder when 31348 is divided by 461?
0
What is the remainder when 182245 is divided by 39?
37
What is the remainder when 21166 is divided by 6980?
226
Calculate the remainder when 679620 is divided by 226539.
3
Calculate the remainder when 337012 is divided by 54.
52
Calculate the remainder when 619011 is divided by 498.
495
Calculate the remainder when 55950 is divided by 394.
2
Calculate the remainder when 246069 is divided by 374.
351
Calculate the remainder when 1443350 is divided by 16.
6
What is the remainder when 36354 is divided by 23?
14
Calculate the remainder when 7418 is divided by 29.
23
What is the remainder when 10663 is divided by 601?
446
Calculate the remainder when 5667 is divided by 60.
27
What is the remainder when 478406 is divided by 56?
54
Calculate the remainder when 1714 is divided by 551.
61
Calculate the remainder when 6854 is divided by 3419.
16
Calculate the remainder when 6703 is divided by 239.
11
Calculate the remainder when 9660 is divided by 900.
660
Calculate the remainder when 61377 is divided by 10219.
63
Calculate the remainder when 61097 is divided by 11.
3
What is the remainder when 3664 is divided by 363?
34
Calculate the remainder when 2912 is divided by 2865.
47
Calculate the remainder when 20607 is divided by 30.
27
Calculate the remainder when 19086 is divided by 490.
466
Calculate the remainder when 5196 is divided by 54.
12
Calculate the remainder when 955 is divided by 245.
220
What is the remainder when 175013 is divided by 29166?
17
What is the remainder when 14270 is divided by 475?
20
What is the remainder when 55948 is divided by 104?
100
Calculate the remainder when 6555 is divided by 504.
3
What is the remainder when 4503 is divided by 6?
3
Calculate the remainder when 55499 is 